{"id":265,"date":"2018-09-07T11:05:29","date_gmt":"2018-09-07T14:05:29","guid":{"rendered":"https:\/\/inglesaplicado.com.br\/v2\/site\/?page_id=265"},"modified":"2022-09-01T12:57:09","modified_gmt":"2022-09-01T15:57:09","slug":"viagens-2","status":"publish","type":"page","link":"https:\/\/inglesaplicado.com.br\/v2\/viagens-2\/","title":{"rendered":"Viagens"},"content":{"rendered":"<div class=\"wpb-content-wrapper\"><p>[vc_row css=&#8221;.vc_custom_1535916946967{margin-top: 15px !important;}&#8221;][vc_column width=&#8221;2\/3&#8243;][vc_empty_space height=&#8221;18px&#8221;][vc_custom_heading source=&#8221;post_title&#8221; font_container=&#8221;tag:h2|text_align:left|color:%2309283d&#8221; use_theme_fonts=&#8221;yes&#8221; css=&#8221;.vc_custom_1536322566827{margin-bottom: 10px !important;}&#8221;][vc_single_image image=&#8221;896&#8243; img_size=&#8221;full&#8221; alignment=&#8221;center&#8221; style=&#8221;vc_box_rounded&#8221;][vc_column_text]Todos os anos, promovemos excurs\u00f5es para o Exterior com tempo IDEAL para quem n\u00e3o pode ficar muito tempo distante do Brasil, pois as viagens s\u00e3o entre 7 e 10 dias. Al\u00e9m de conhecer novos lugares e fazer novas amizades, o aluno pratica o seu idioma preferido e adquire uma experi\u00eancia \u00fanica, super divertida!<\/p>\n<p>&nbsp;<\/p>\n<p>Procure nosso Coordenador Andy, e se organize para nossa pr\u00f3xima Viagem.[\/vc_column_text][\/vc_column][vc_column width=&#8221;1\/3&#8243;][vc_empty_space height=&#8221;20px&#8221;][vc_posts_slider count=&#8221;3&#8243; interval=&#8221;3&#8243; slides_content=&#8221;teaser&#8221; slides_title=&#8221;1&#8243; thumb_size=&#8221;400&#215;200&#8243; orderby=&#8221;date&#8221; title=&#8221;IA News&#8221; posttypes=&#8221;post&#8221; categories=&#8221;news&#8221;][vc_raw_html]JTNDaWZyYW1lJTIwc3JjJTNEJTIyaHR0cHMlM0ElMkYlMkZ3d3cuZmFjZWJvb2suY29tJTJGcGx1Z2lucyUyRnBhZ2UucGhwJTNGaHJlZiUzRGh0dHBzJTI1M0ElMjUyRiUyNTJGd3d3LmZhY2Vib29rLmNvbSUyNTJGaW5nbGVzYXBsaWNhZG9uYXRhbCUyNnRhYnMlM0R0aW1lbGluZSUyNndpZHRoJTNEMzQwJTI2aGVpZ2h0JTNENTAwJTI2c21hbGxfaGVhZGVyJTNEZmFsc2UlMjZhZGFwdF9jb250YWluZXJfd2lkdGglM0R0cnVlJTI2aGlkZV9jb3ZlciUzRGZhbHNlJTI2c2hvd19mYWNlcGlsZSUzRHRydWUlMjZhcHBJZCUzRDE0Mjc2NDQ4MTA3ODUwMjElMjIlMjB3aWR0aCUzRCUyMjM0MCUyMiUyMGhlaWdodCUzRCUyMjUwMCUyMiUyMHN0eWxlJTNEJTIyYm9yZGVyJTNBbm9uZSUzQm92ZXJmbG93JTNBaGlkZGVuJTIyJTIwc2Nyb2xsaW5nJTNEJTIybm8lMjIlMjBmcmFtZWJvcmRlciUzRCUyMjAlMjIlMjBhbGxvd1RyYW5zcGFyZW5jeSUzRCUyMnRydWUlMjIlMjBhbGxvdyUzRCUyMmVuY3J5cHRlZC1tZWRpYSUyMiUzRSUzQyUyRmlmcmFtZSUzRQ==[\/vc_raw_html][\/vc_column][\/vc_row]<\/p>\n<\/div>","protected":false},"excerpt":{"rendered":"<p>[vc_row css=&#8221;.vc_custom_1535916946967{margin-top: 15px !important;}&#8221;][vc_column width=&#8221;2\/3&#8243;][vc_empty_space height=&#8221;18px&#8221;][vc_custom_heading source=&#8221;post_title&#8221; font_container=&#8221;tag:h2|text_align:left|color:%2309283d&#8221; use_theme_fonts=&#8221;yes&#8221; css=&#8221;.vc_custom_1536322566827{margin-bottom: 10px !important;}&#8221;][vc_single_image image=&#8221;896&#8243; img_size=&#8221;full&#8221; alignment=&#8221;center&#8221; style=&#8221;vc_box_rounded&#8221;][vc_column_text]Todos os anos, promovemos excurs\u00f5es para o Exterior com tempo IDEAL para quem n\u00e3o pode ficar muito tempo distante do Brasil, pois as viagens s\u00e3o entre 7 e 10 dias. Al\u00e9m de conhecer novos lugares e fazer novas amizades, o<\/p>\n","protected":false},"author":1,"featured_media":0,"parent":0,"menu_order":0,"comment_status":"closed","ping_status":"closed","template":"","meta":{"inline_featured_image":false,"_joinchat":[],"footnotes":"","_links_to":"","_links_to_target":""},"class_list":["post-265","page","type-page","status-publish","hentry"],"yoast_head":"<!-- This site is optimized with the Yoast SEO plugin v22.7 - https:\/\/yoast.com\/wordpress\/plugins\/seo\/ -->\n<title>Viagens - Ingl\u00eas Aplicado<\/title>\n<meta name=\"robots\" content=\"index, follow, max-snippet:-1, max-image-preview:large, max-video-preview:-1\" \/>\n<link rel=\"canonical\" href=\"https:\/\/inglesaplicado.com.br\/v2\/viagens-2\/\" \/>\n<meta property=\"og:locale\" content=\"pt_BR\" \/>\n<meta property=\"og:type\" content=\"article\" \/>\n<meta property=\"og:title\" content=\"Viagens - Ingl\u00eas Aplicado\" \/>\n<meta property=\"og:description\" content=\"[vc_row css=&#8221;.vc_custom_1535916946967{margin-top: 15px !important;}&#8221;][vc_column width=&#8221;2\/3&#8243;][vc_empty_space height=&#8221;18px&#8221;][vc_custom_heading source=&#8221;post_title&#8221; font_container=&#8221;tag:h2|text_align:left|color:%2309283d&#8221; use_theme_fonts=&#8221;yes&#8221; css=&#8221;.vc_custom_1536322566827{margin-bottom: 10px !important;}&#8221;][vc_single_image image=&#8221;896&#8243; img_size=&#8221;full&#8221; alignment=&#8221;center&#8221; style=&#8221;vc_box_rounded&#8221;][vc_column_text]Todos os anos, promovemos excurs\u00f5es para o Exterior com tempo IDEAL para quem n\u00e3o pode ficar muito tempo distante do Brasil, pois as viagens s\u00e3o entre 7 e 10 dias. Al\u00e9m de conhecer novos lugares e fazer novas amizades, o\" \/>\n<meta property=\"og:url\" content=\"https:\/\/inglesaplicado.com.br\/v2\/viagens-2\/\" \/>\n<meta property=\"og:site_name\" content=\"Ingl\u00eas Aplicado\" \/>\n<meta property=\"article:publisher\" content=\"https:\/\/www.facebook.com\/inglesaplicadonatal\" \/>\n<meta property=\"article:modified_time\" content=\"2022-09-01T15:57:09+00:00\" \/>\n<meta name=\"twitter:card\" content=\"summary_large_image\" \/>\n<meta name=\"twitter:label1\" content=\"Est. tempo de leitura\" \/>\n\t<meta name=\"twitter:data1\" content=\"1 minuto\" \/>\n<script type=\"application\/ld+json\" class=\"yoast-schema-graph\">{\"@context\":\"https:\/\/schema.org\",\"@graph\":[{\"@type\":\"WebPage\",\"@id\":\"https:\/\/inglesaplicado.com.br\/v2\/viagens-2\/\",\"url\":\"https:\/\/inglesaplicado.com.br\/v2\/viagens-2\/\",\"name\":\"Viagens - Ingl\u00eas Aplicado\",\"isPartOf\":{\"@id\":\"https:\/\/inglesaplicado.com.br\/v2\/#website\"},\"datePublished\":\"2018-09-07T14:05:29+00:00\",\"dateModified\":\"2022-09-01T15:57:09+00:00\",\"breadcrumb\":{\"@id\":\"https:\/\/inglesaplicado.com.br\/v2\/viagens-2\/#breadcrumb\"},\"inLanguage\":\"pt-BR\",\"potentialAction\":[{\"@type\":\"ReadAction\",\"target\":[\"https:\/\/inglesaplicado.com.br\/v2\/viagens-2\/\"]}]},{\"@type\":\"BreadcrumbList\",\"@id\":\"https:\/\/inglesaplicado.com.br\/v2\/viagens-2\/#breadcrumb\",\"itemListElement\":[{\"@type\":\"ListItem\",\"position\":1,\"name\":\"In\u00edcio\",\"item\":\"https:\/\/inglesaplicado.com.br\/v2\/\"},{\"@type\":\"ListItem\",\"position\":2,\"name\":\"Viagens\"}]},{\"@type\":\"WebSite\",\"@id\":\"https:\/\/inglesaplicado.com.br\/v2\/#website\",\"url\":\"https:\/\/inglesaplicado.com.br\/v2\/\",\"name\":\"Ingl\u00eas Aplicado | Escola de Idiomas em Natal\",\"description\":\"Com Idiomas Voc\u00ea Vai Mais Longe\",\"publisher\":{\"@id\":\"https:\/\/inglesaplicado.com.br\/v2\/#organization\"},\"potentialAction\":[{\"@type\":\"SearchAction\",\"target\":{\"@type\":\"EntryPoint\",\"urlTemplate\":\"https:\/\/inglesaplicado.com.br\/v2\/?s={search_term_string}\"},\"query-input\":\"required name=search_term_string\"}],\"inLanguage\":\"pt-BR\"},{\"@type\":\"Organization\",\"@id\":\"https:\/\/inglesaplicado.com.br\/v2\/#organization\",\"name\":\"Ingl\u00eas Aplicado | Escola de Idiomas em Natal\",\"url\":\"https:\/\/inglesaplicado.com.br\/v2\/\",\"logo\":{\"@type\":\"ImageObject\",\"inLanguage\":\"pt-BR\",\"@id\":\"https:\/\/inglesaplicado.com.br\/v2\/#\/schema\/logo\/image\/\",\"url\":\"https:\/\/inglesaplicado.com.br\/v2\/wp-content\/uploads\/2019\/05\/logo-ia.jpg\",\"contentUrl\":\"https:\/\/inglesaplicado.com.br\/v2\/wp-content\/uploads\/2019\/05\/logo-ia.jpg\",\"width\":600,\"height\":600,\"caption\":\"Ingl\u00eas Aplicado | Escola de Idiomas em Natal\"},\"image\":{\"@id\":\"https:\/\/inglesaplicado.com.br\/v2\/#\/schema\/logo\/image\/\"},\"sameAs\":[\"https:\/\/www.facebook.com\/inglesaplicadonatal\",\"https:\/\/www.instagram.com\/inglesaplicado\/\"]}]}<\/script>\n<!-- \/ Yoast SEO plugin. -->","yoast_head_json":{"title":"Viagens - Ingl\u00eas Aplicado","robots":{"index":"index","follow":"follow","max-snippet":"max-snippet:-1","max-image-preview":"max-image-preview:large","max-video-preview":"max-video-preview:-1"},"canonical":"https:\/\/inglesaplicado.com.br\/v2\/viagens-2\/","og_locale":"pt_BR","og_type":"article","og_title":"Viagens - Ingl\u00eas Aplicado","og_description":"[vc_row css=&#8221;.vc_custom_1535916946967{margin-top: 15px !important;}&#8221;][vc_column width=&#8221;2\/3&#8243;][vc_empty_space height=&#8221;18px&#8221;][vc_custom_heading source=&#8221;post_title&#8221; font_container=&#8221;tag:h2|text_align:left|color:%2309283d&#8221; use_theme_fonts=&#8221;yes&#8221; css=&#8221;.vc_custom_1536322566827{margin-bottom: 10px !important;}&#8221;][vc_single_image image=&#8221;896&#8243; img_size=&#8221;full&#8221; alignment=&#8221;center&#8221; style=&#8221;vc_box_rounded&#8221;][vc_column_text]Todos os anos, promovemos excurs\u00f5es para o Exterior com tempo IDEAL para quem n\u00e3o pode ficar muito tempo distante do Brasil, pois as viagens s\u00e3o entre 7 e 10 dias. Al\u00e9m de conhecer novos lugares e fazer novas amizades, o","og_url":"https:\/\/inglesaplicado.com.br\/v2\/viagens-2\/","og_site_name":"Ingl\u00eas Aplicado","article_publisher":"https:\/\/www.facebook.com\/inglesaplicadonatal","article_modified_time":"2022-09-01T15:57:09+00:00","twitter_card":"summary_large_image","twitter_misc":{"Est. tempo de leitura":"1 minuto"},"schema":{"@context":"https:\/\/schema.org","@graph":[{"@type":"WebPage","@id":"https:\/\/inglesaplicado.com.br\/v2\/viagens-2\/","url":"https:\/\/inglesaplicado.com.br\/v2\/viagens-2\/","name":"Viagens - Ingl\u00eas Aplicado","isPartOf":{"@id":"https:\/\/inglesaplicado.com.br\/v2\/#website"},"datePublished":"2018-09-07T14:05:29+00:00","dateModified":"2022-09-01T15:57:09+00:00","breadcrumb":{"@id":"https:\/\/inglesaplicado.com.br\/v2\/viagens-2\/#breadcrumb"},"inLanguage":"pt-BR","potentialAction":[{"@type":"ReadAction","target":["https:\/\/inglesaplicado.com.br\/v2\/viagens-2\/"]}]},{"@type":"BreadcrumbList","@id":"https:\/\/inglesaplicado.com.br\/v2\/viagens-2\/#breadcrumb","itemListElement":[{"@type":"ListItem","position":1,"name":"In\u00edcio","item":"https:\/\/inglesaplicado.com.br\/v2\/"},{"@type":"ListItem","position":2,"name":"Viagens"}]},{"@type":"WebSite","@id":"https:\/\/inglesaplicado.com.br\/v2\/#website","url":"https:\/\/inglesaplicado.com.br\/v2\/","name":"Ingl\u00eas Aplicado | Escola de Idiomas em Natal","description":"Com Idiomas Voc\u00ea Vai Mais Longe","publisher":{"@id":"https:\/\/inglesaplicado.com.br\/v2\/#organization"},"potentialAction":[{"@type":"SearchAction","target":{"@type":"EntryPoint","urlTemplate":"https:\/\/inglesaplicado.com.br\/v2\/?s={search_term_string}"},"query-input":"required name=search_term_string"}],"inLanguage":"pt-BR"},{"@type":"Organization","@id":"https:\/\/inglesaplicado.com.br\/v2\/#organization","name":"Ingl\u00eas Aplicado | Escola de Idiomas em Natal","url":"https:\/\/inglesaplicado.com.br\/v2\/","logo":{"@type":"ImageObject","inLanguage":"pt-BR","@id":"https:\/\/inglesaplicado.com.br\/v2\/#\/schema\/logo\/image\/","url":"https:\/\/inglesaplicado.com.br\/v2\/wp-content\/uploads\/2019\/05\/logo-ia.jpg","contentUrl":"https:\/\/inglesaplicado.com.br\/v2\/wp-content\/uploads\/2019\/05\/logo-ia.jpg","width":600,"height":600,"caption":"Ingl\u00eas Aplicado | Escola de Idiomas em Natal"},"image":{"@id":"https:\/\/inglesaplicado.com.br\/v2\/#\/schema\/logo\/image\/"},"sameAs":["https:\/\/www.facebook.com\/inglesaplicadonatal","https:\/\/www.instagram.com\/inglesaplicado\/"]}]}},"_links":{"self":[{"href":"https:\/\/inglesaplicado.com.br\/v2\/wp-json\/wp\/v2\/pages\/265","targetHints":{"allow":["GET"]}}],"collection":[{"href":"https:\/\/inglesaplicado.com.br\/v2\/wp-json\/wp\/v2\/pages"}],"about":[{"href":"https:\/\/inglesaplicado.com.br\/v2\/wp-json\/wp\/v2\/types\/page"}],"author":[{"embeddable":true,"href":"https:\/\/inglesaplicado.com.br\/v2\/wp-json\/wp\/v2\/users\/1"}],"replies":[{"embeddable":true,"href":"https:\/\/inglesaplicado.com.br\/v2\/wp-json\/wp\/v2\/comments?post=265"}],"version-history":[{"count":3,"href":"https:\/\/inglesaplicado.com.br\/v2\/wp-json\/wp\/v2\/pages\/265\/revisions"}],"predecessor-version":[{"id":897,"href":"https:\/\/inglesaplicado.com.br\/v2\/wp-json\/wp\/v2\/pages\/265\/revisions\/897"}],"wp:attachment":[{"href":"https:\/\/inglesaplicado.com.br\/v2\/wp-json\/wp\/v2\/media?parent=265"}],"curies":[{"name":"wp","href":"https:\/\/api.w.org\/{rel}","templated":true}]}}